ctors of -1 - (x/(-4) - 4)?
3, 19
Let r = -4 + 4. Suppose 2*q = -r*q + 20. List the prime factors of q.
2, 5
Let y(t) = -2*t - 1. Let s be y(-3). Let l(z) = 2*z - 4*z - 3 + 3*z. What are the prime factors of l(s)?
2
List the prime factors of 2268/11 - 6/33.
2, 103
Suppose -90 + 39 = -3*i. Let n = -8 + i. What are the prime factors of n?
3
Let w be ((-18)/12)/((-3)/4). Suppose 4*s = w*x + 4, 0*x + 6 = s - 3*x. What are the prime factors of (-1)/((-3)/27) + s?
3
Let c(z) = -2*z**3 - 4*z**2 - 2*z + 1. Let b be c(-2). What are the prime factors of -3*5/(b/(-2))?
2, 3
List the prime factors of ((-410)/1)/(10 + -12).
5, 41
Let s be 0 - (-2 + (-1 - -1)). Let m = -3 - -6. Suppose 20 = 2*r + s*h, -5*r + 17 = -m*r - h. List the prime factors of r.
3
Suppose -t = -2*a - 0*t + 7, -5*a + 22 = -4*t. Let m(x) = x + 1. Let q be m(a). Suppose q*o - 15 = -2*o. List the prime factors of o.
3
Let g = -24 + 37. What are the prime factors of g?
13
Let a(d) be the third derivative of -d**2 + 3/2*d**3 + 0 - 1/60*d**5 + 1/4*d**4 + 0*d. What are the prime factors of a(7)?
2
Suppose -4*l = -0*l - 36. Suppose 5*m = -4*j + l, m - 2*j - 2*j = -3. What are the prime factors of (-9)/((m - 0)*-1)?
3
Suppose 4*m = 12, 2*x + 5*m - 39 = 30. Let s = -19 + x. What are the prime factors of s?
2
Suppose 5*d - 4*q - 46 = 0, -d + 2*d + q - 11 = 0. Suppose d*l - 3*y = 5*l + 147, y + 58 = 2*l. List the prime factors of l.
3
Let o be ((-4)/2)/(1 + 0). Let y = o + 4. Suppose -4*h + 5*k + 41 = -h, -y*h + 18 = -k. What are the prime factors of h?
7
Let k = -18 - -46. Suppose -3*i + k = -11. List the prime factors of i.
13
Suppose 0 = -2*y - 0*y + 1256. What are the prime factors of 10/(-65) + y/26?
2, 3
Suppose -2*t = -t - 2. Suppose -3*v + 12 = t*f - v, -5*f + 4*v = -21. Suppose -4*r = o + 7 + f, 0 = -4*o - 4*r + 12. List the prime factors of o.
2
Let w(p) = p**2 + 5*p. Let j be w(-5). Suppose j = 4*m + 9 - 1. What are the prime factors of (-9)/m - (-1)/2?
5
List the prime factors of (-1 + -1)/(9/(-90)).
2, 5
Let p(i) = -2*i. Let h be p(-1). What are the prime factors of ((-4)/(-5))/(h/5)?
2
Suppose -2*x + 142 = h, -2*x + x + 80 = 5*h. Suppose 0 = 5*d - 0*d - x. What are the prime factors of d?
2, 7
Suppose 3*k - 2*k = 2. List the prime factors of k*(-11)/((-33)/18).
2, 3
Suppose 3*h - 476 = -h. List the prime factors of h.
7, 17
Let a be 3/(-5) + (-9)/(-15). Suppose -2*m + 17 + 5 = a. List the prime factors of m.
11
Suppose -2*t = -57 - 37. What are the prime factors of t?
47
Let d be ((-3)/(-9))/((-2)/(-12)). Let p(r) = r + 2. Let n be p(d). Suppose -63 = -n*u - 3*w, -3*u - w + 41 = -0*w. What are the prime factors of u?
2, 3
List the prime factors of ((-208)/24)/(3/(-27)).
2, 3, 13
Suppose 0 = 3*g + 5*v - 312, v + 498 = 5*g + 2*v. What are the prime factors of g?
3, 11
Suppose 0 = -3*a + 4*a - 22. List the prime factors of a.
2, 11
Let k be 846/(-4) + 7/(-14). List the prime factors of k/(-20) + (-6)/(-15).
11
Let z = -5 + 6. Let p be z/(-2) - (-7)/(-14). What are the prime factors of ((-3)/9)/(p/6)?
2
Let f be 2/(-4)*(3 + 1). Suppose -2*o = -8 + 10. What are the prime factors of 9 + o - f*1?
2, 5
Suppose -t + 35 = 4*t. List the prime factors of t.
7
Let w = -15 - -20. Suppose w*y - 12 = 43. List the prime factors of y.
11
Let n(j) be the third derivative of j**5/60 - 5*j**4/24 - j**3/6 + 2*j**2. Let z(s) be the first derivative of n(s). List the prime factors of z(8).
11
Suppose 2*g = y - 4*y - 11, 0 = 5*y + 25. Suppose g*j - 52 = -4*k, 0*j = -k + 2*j + 13. List the prime factors of k.
13
Let o(l) = -l + 28. What are the prime factors of o(0)?
2, 7
Suppose 2*f + 2*n - 18 = n, -3*f = n - 25. Suppose -4*j + 1 + f = 0. Let x = 11 - j. List the prime factors of x.
3
Let k = 19 - 13. Suppose -2*i + 33 = 3*n, -k*i + 4*i - 5*n + 43 = 0. What are the prime factors of i?
3
Suppose x - 16 = 84. Suppose -5*u + u = -x. What are the prime factors of u?
5
Suppose -q = -0*q + w - 16, -q + w = -22. List the prime factors of q.
19
Suppose -5*m + 7 = -13. Suppose 5*z + m*a - 41 = 2*a, 5*z + 3*a - 39 = 0. Suppose -z = -n + 8. List the prime factors of n.
17
Suppose 5*i + 4*f = 64, -5*f + 17 + 27 = 4*i. What are the prime factors of i?
2
Suppose 0 = -5*i + 2*i + 9. Suppose -i*v + 19 = -11. List the prime factors of v.
2, 5
Let j = -20 - -35. Let u be (-18)/(-10) + 3/j. Suppose 24 - u = 2*i. What are the prime factors of i?
11
Suppose -2*w + 2 + 2 = 0. Suppose w*s - 34 = s. List the prime factors of s.
2, 17
List the prime factors of 4/(-26) + 314/13.
2, 3
Let t(z) = -z**3 - 6*z**2 + 5*z - 8. Let h = -1 + 1. Suppose h*n - 5*u - 6 = -2*n, -5*u = -n + 13. What are the prime factors of t(n)?
2, 3
Let y = 2 - -3. Suppose -3*n - a + 4 = 0, -9 = y*a + 1. Suppose n*x = -2*w + 38, 0 = -4*x + x - 5*w + 61. What are the prime factors of x?
17
Let i(o) = 3*o**2 - 2*o**3 - 2*o**2 + 2 + o**3 - 4*o**2. What are the prime factors of i(-4)?
2, 3
Suppose 5*x + 3*c = -0*c, 0 = -3*x + 3*c + 24. Suppose 10 + x = -4*j + u, -8 = j - 5*u. What are the prime factors of j + 5 + 8 + -2?
2
Let u = -131 + 141. List the prime factors of u.
2, 5
List the prime factors of 3*((-308)/3)/(-4).
7, 11
Let v = -49 - -91. List the prime factors of v.
2, 3, 7
Let j(w) = w**2 + 9*w + 7. What are the prime factors of j(-9)?
7
Suppose u + u = 12. List the prime factors of u*(3 - 5/2).
3
Let i(p) = 30*p - 10. What are the prime factors of i(5)?
2, 5, 7
Let m(x) be the third derivative of 7*x**6/120 - x**5/60 + x**3/6 - 3*x**2. What are the prime factors of m(1)?
7
What are the prime factors of ((3 - 2)*-93)/(-1)?
3, 31
Let s(g) = g**3 + 4*g**2 + g + 3. Let f be s(-3). Suppose -3*h + j + 0*j + 6 = 0, -2*h = j - f. List the prime factors of h.
3
Suppose 12*k - 11*k - 20 = 0. List the prime factors of k.
2, 5
Let t = 0 + 10. What are the prime factors of (t/2)/((-2)/(-16))?
2, 5
Suppose a = -f + 43, -2*a = 3*a - f - 221. What are the prime factors of a?
2, 11
Suppose -b + 5*b = 4. Let w = b + 3. List the prime factors of 1/4 + 19/w.
5
Suppose -4*f - 858 + 2520 = 2*u, -4*f + 1659 = 3*u. What are the prime factors of f?
3, 139
Let k(w) = w. List the prime factors of k(12).
2, 3
Let r(w) = 3*w + 29. What are the prime factors of r(13)?
2, 17
Let b = 15 - -113. What are the prime factors of b?
2
Suppose -s + 11 = 2. Let m = s - 11. What are the prime factors of -8*-1*m/(-2)?
2
Suppose 4*h - 6*d = -2*d, -d + 15 = 4*h. Suppose 25 = 2*l - 3*p - 0*p, h*l - 5*p - 38 = 0. List the prime factors of l.
11
Suppose 0*d + 2*d = -2. What are the prime factors of (d + 4)/(4/52)?
3, 13
Suppose 9 = 5*n - 6. Suppose n*w = 27 + 42. What are the prime factors of w?
23
Let d be (-2)/2*0/2. Let x = -2 - d. Let f = x + 9. What are the prime factors of f?
7
Let p(g) = g**3 + 10*g**2 - 13*g - 12. List the prime factors of p(-10).
2, 59
Let m(o) = -3*o + 0*o + 6*o + 0*o. What are the prime factors of m(1)?
3
Let m(t) = t**2 + 7. What are the prime factors of m(3)?
2
Suppose 2*l = -0*h + 3*h + 18, 0 = 4*l - 4*h - 44. What are the prime factors of l?
3, 5
Suppose -4*b + 8 = c - 57, 0 = 2*c + 3*b - 120. List the prime factors of c.
3, 19
Let n(f) = f - 8. Let l be n(8). Suppose 40 = -6*t + 2*t. Let q = l - t. List the prime factors of q.
2, 5
Suppose 0*h - h + 103 = -2*q, 3*h - 2*q - 293 = 0. List the prime factors of h.
5, 19
Suppose -3*c + 167 + 52 = 0. What are the prime factors of c?
73
List the prime factors of (18/(-8))/(11/(-176)).
2, 3
Suppose -l + 1325 = 4*g + 4*l, -3*g + 2*l = -1011. Suppose 223 = -3*k - 5*y, 5*k - y + g = -2*y. What are the prime factors of ((-6)/(-18))/((-2)/k)?
11
Suppose 3*n = -2*a + 2*n - 10, -2*n = -a. Let w = 15 - a. List the prime factors of w.
19
Suppose 0 = -5*v - 3*k + 1176, -3*v + k + 51 + 649 = 0. List the prime factors of v.
2, 3, 13
Suppose 8*a + 640 = 13*a. List the prime factors of a.
2
Let y(j) = -j**2 - 5 + 8 + j - 4*j. What are the prime factors of y(-3)?
3
Let t be (-5)/(-10) - 5/(-2). Let l = t + -3. Suppose l = -2*k + b + 24, -5*b - 1 = -k + 2. What are the prime factors of k?
13
Let f(j) = 3*j**2 + j - 2. Let q = 5 - 8. Let n = 1 + q. List the prime factors of f(n).
2
Suppose 3*s - 3 - 10 = 2*p, 4*s = 2*p + 16. Let k be s/(-2 + 3) - -19. Suppose -8*j + 4*j + 2*z + 78 = 0, -j + k = -z. List the prime factors of j.
17
Let d = 22